 = -12*m**2 + 346*m + 1046. What is q(32)?
-170
Let a(m) = 319127*m + 957384. What is a(-3)?
3
Let b(i) = i**2 - 26714*i - 1016594. Calculate b(-38).
-18
Let j(g) = -201*g - 35367. Calculate j(-176).
9
Let r(j) = 27107*j + 108358. Give r(-4).
-70
Let f(h) = -5*h**2 + 6506*h - 746671. What is f(1174)?
-7
Let c(r) = -r**3 + 4*r**2 - 385*r + 8370. What is c(15)?
120
Let c(k) = 8*k**2 - 423*k - 454. What is c(57)?
1427
Let q(x) = -x**2 - 292*x - 20269. Give q(-172).
371
Let g(h) = 2*h**2 + 177285*h + 17000926. What is g(-96)?
-2
Let m(n) = -n**2 + 2371*n + 89088. Determine m(-37).
-8
Let j(f) = -398*f**2 - 407*f - 49. Give j(-4).
-4789
Let p(n) = -1371*n - 8396. Give p(-6).
-170
Let j(q) = -419*q + 69983. What is j(167)?
10
Let z(y) = 78746*y + 551219. Calculate z(-7).
-3
Let f(c) = c**3 + 292*c**2 - 7582*c + 635. Determine f(-316).
3
Let x(q) = 3*q**3 + 16*q**2 - 173*q + 16. What is x(6)?
202
Let t(v) = -1684*v + 70738. What is t(42)?
10
Let d(a) = 260*a + 110580. What is d(-427)?
-440
Let m(x) = -x**2 + 83430*x + 1585703. Give m(-19).
172
Let u(r) = 12*r**2 + 1708*r + 451. What is u(-142)?
-117
Let q(o) = -10505*o - 41926. What is q(-4)?
94
Let v(f) = 4*f**3 + 197*f**2 - 143*f + 113. What is v(-50)?
-237
Let w(a) = -a**2 - 635*a + 39144. What is w(56)?
448
Let k(v) = -v**3 + 327*v**2 - 885*v - 254. What is k(3)?
7
Let c(m) = -m**3 + 2*m**2 - 391*m + 1181. Give c(3).
-1
Let c(z) = 156759*z - 2194608. Determine c(14).
18
Let o(g) = -g**3 - 54*g**2 + 444*g + 5028. What is o(-60)?
-12
Let m(j) = 90289*j - 451587. Determine m(5).
-142
Let n(l) = l**2 + 1023*l - 18205. What is n(17)?
-525
Let y(b) = -2359*b - 51912. Determine y(-22).
-14
Let x(h) = 5*h**2 + 266*h + 3173. Determine x(-33).
-160
Let m(g) = -10999*g - 42996. Give m(-4).
1000
Let h(a) = a**3 + 191*a**2 + 940*a + 51. What is h(-5)?
1
Let w(h) = 3616*h + 47122. Give w(-13).
114
Let q(t) = -5*t**3 + 75*t**2 + 190*t - 1904. What is q(14)?
1736
Let q(t) = 111*t + 12035. Give q(-113).
-508
Let g(u) = 2*u**3 + 169*u**2 - 3699*u + 91. What is g(18)?
-71
Let h(o) = -2*o**2 + 246*o - 1896. What is h(109)?
1156
Let i(m) = -61*m**2 - 17561*m + 2034. Calculate i(-288).
18
Let a(n) = -130*n**3 - 16*n**2 + 11*n + 26. Determine a(2).
-1056
Let h(x) = -10*x**2 + 266*x - 1384. Determine h(27).
-1492
Let k(a) = 44*a**2 + 127*a - 396. Give k(3).
381
Let l(c) = c**2 - 781*c - 11138. Calculate l(-14).
-8
Let j(a) = 2*a**2 + 166*a + 1780. Give j(-14).
-152
Let v(w) = -644*w - 4445. Calculate v(-7).
63
Let f(s) = -96*s**2 + 17284*s - 715. What is f(180)?
5
Let a(t) = -506412*t - 506530. Calculate a(-1).
-118
Let l(u) = -80063*u - 320271. What is l(-4)?
-19
Let y(g) = -5737*g + 97551. Calculate y(17).
22
Let l(w) = -3956*w - 106809. Determine l(-27).
3
Let m(n) = -109023*n - 1526274. What is m(-14)?
48
Let g(f) = 2012*f - 758518. Calculate g(377).
6
Let s(a) = -5*a**2 - 59*a - 612. Determine s(-18).
-1170
Let h(x) = -x**3 - 5*x**2 - 122*x + 736. Determine h(6).
-392
Let o(n) = -35515*n - 1882299. Determine o(-53).
-4
Let j(b) = -550*b**3 + 10*b**2 + 20*b - 29. What is j(1)?
-549
Let l(j) = 4*j**2 - 589*j - 4665. Calculate l(154).
-507
Let p(n) = 11*n**2 + 168*n - 3926. Calculate p(-28).
-6
Let v(r) = 2*r**3 + 80*r**2 + 6*r + 217. Determine v(-40).
-23
Let x(h) = 19*h**2 - 1724*h + 16996. Determine x(10).
1656
Let l(u) = 3*u**3 - 480*u**2 + 16685*u - 433. Determine l(51).
-25
Let v(d) = -d**3 + 3128*d**2 + 28239*d + 64. What is v(-9)?
10
Let q(s) = -2321*s - 11794. Determine q(-5).
-189
Let j(r) = 9740*r + 652599. Calculate j(-67).
19
Let m(a) = -a**2 + 6579*a + 224865. Determine m(-34).
23
Let f(a) = 109*a**2 + 1215*a + 1246. Give f(-10).
-4
Let o(w) = 482*w + 78428. What is o(-175)?
-5922
Let y(a) = 2*a**3 - 34*a**2 + 7*a - 694. Determine y(0).
-694
Let c(t) = -42*t**2 + 17. What is c(3)?
-361
Let w(r) = 13*r**3 + 8*r**2 - 103*r - 443. What is w(-4)?
-735
Let r(p) = 74*p**2 - 292*p - 3306. Calculate r(-5).
4
Let w(b) = 383*b + 6082. Give w(-15).
337
Let z(c) = -2*c**3 - 4*c**2 + 3570*c + 10708. Give z(-3).
16
Let b(f) = -f**3 - 43*f**2 + 281*f + 26. Give b(6).
-52
Let f(b) = 3*b**2 - 144*b - 7728. Determine f(-32).
-48
Let z(p) = p**2 - 610*p + 38212. What is z(74)?
-1452
Let a(w) = -3*w**2 - 112*w - 132. What is a(-16)?
892
Let v(s) = -s**3 - 49*s**2 + 6355*s + 39682. Determine v(-6).
4
Let o(g) = -1442865*g - 14428641. What is o(-10)?
9
Let d(m) = 87*m - 16060. Give d(158).
-2314
Let o(p) = 13*p**2 + 720*p + 19. Determine o(-55).
-256
Let q(t) = 4*t**3 - 279*t**2 - 1258*t + 52. What is q(74)?
52
Let p(i) = 9*i**2 + 110*i + 1686. What is p(-9)?
1425
Let w(x) = 1616*x + 9882. Give w(-6).
186
Let h(p) = 4*p**3 + 1796*p**2 + 1796*p + 1776. Calculate h(-448).
-16
Let j(s) = 81*s + 5683. Calculate j(-73).
-230
Let c(z) = z**3 - 693*z**2 - 3491*z - 16. What is c(-5)?
-11
Let i(z) = 2*z**3 - 71*z**2 + 42*z + 146. Give i(35).
391
Let v(q) = 37*q**3 + 296*q**2 - 77*q - 607. Determine v(-8).
9
Let y(p) = 16*p**3 - 159*p**2 - 187*p + 24. Determine y(11).
24
Let r(k) = 17086*k + 9363120. Calculate r(-548).
-8
Let v(p) = -1015*p + 4907. Give v(6).
-1183
Let y(z) = 251118*z - 10798080. Determine y(43).
-6
Let a(b) = b**3 + 18*b**2 - 573*b - 10423. Calculate a(-21).
287
Let m(k) = -68*k**2 - 791*k + 119. What is m(-11)?
592
Let q(x) = -3*x**3 + 7*x**2 - 9274*x + 37173. Calculate q(4).
-3
Let f(h) = -31*h**3 + 75*h**2 - 33*h + 18. What is f(2)?
4
Let b(i) = -298*i + 32521. What is b(104)?
1529
Let n(w) = 42*w**3 + 28892*w**2 - 2751*w + 689. Give n(-688).
1
Let z(a) = 337*a + 39796. What is z(-118)?
30
Let g(a) = -86*a - 973. Give g(-8).
-285
Let k(g) = -g**2 + 286*g + 68949. Calculate k(-156).
-3
Let f(b) = b**3 + 106*b**2 + 191*b - 40904. What is f(-100)?
-4
Let l(h) = 368*h**2 + 1720*h - 607. Determine l(-5).
-7
Let l(z) = 6*z**2 - 543*z + 2662. Calculate l(5).
97
Let s(u) = -u**3 - 546*u**2 - 203*u + 481445. Give s(-544).
5
Let s(h) = 37*h**3 - 48*h**2 + 45*h - 7. Determine s(1).
27
Let p(o) = -256*o - 43715. Calculate p(-161).
-2499
Let w(t) = -30*t**3 + 126*t + 248. What is w(-2)?
236
Let x(y) = -5*y**3 - 7*y**2 - 64*y - 318. Calculate x(-6).
894
Let n(m) = 2631*m + 968224. Determine n(-368).
16
Let q(b) = 15*b**2 + 327*b + 281. Give q(-20).
-259
Let b(o) = 240*o**2 - 9838*o - 46. Give b(41).
36
Let o(w) = -2*w**2 + 59*w - 310. Give o(15).
125
Let v(f) = -f**3 - 189*f**2 - 580*f - 4135. Give v(-186).
-43
Let v(s) = -2353*s + 115137. Give v(49).
-160
Let v(y) = -9975*y - 209456. What is v(-21)?
19
Let y(v) = -v**3 + 195*v**2 - 2336*v + 64. What is y(12)?
-1616
Let m(b) = -119*b + 15196. Give m(137).
-1107
Let m(a) = -577967*a + 1155920. Determine m(2).
-14
Let i(h) = -h**3 - 11*h**2 + 41*h + 36. What is i(-7)?
-447
Let v(o) = -2*o**3 + 63*o**2 + 3509*o - 1. Give v(-29).
-1
Let s(x) = -9503*x - 2508803. Calculate s(-264).
-11
Let s(g) = 38*g**2 + 2469*g - 676. Calculate s(-65).
-611
Let p(k) = -60582*k + 484867. Calculate p(8).
211
Let n(m) = 5898*m - 637082. Calculate n(108).
-98
Let i(w) = 669*w + 35191. Determine i(-55).
-1604
Let b(l) = -l**3 + 32*l**2 + 589*l - 55. Determine b(45).
125
Let j(b) = -b**3 - 32*b**2 + 361*b - 254. Give j(-41).
74
Let t(h) = -529*h + 34911. Determine t(66).
-3
Let x(z) = 2*z**3 - 327*z**2 - 1169*z - 386. Give x(167).
-386
Let f(t) = -846*t - 308800. Give f(-365).
-10
Let h(n) = -11002*n**2 + 55122*n - 554. Give h(5).
6
Let t(o) = 898*o + 103286. What is t(-115)?
16
Let p(d) = -d**3 + 6*d**2 + 289*d - 1078. Determine p(17).
656
Let w(m) = m**3 - 134*m**2 + 629*m + 1956. Give w(129).
-108
Let u(t) = -2*t**3 - 146*t**2 - 1824*t - 4871. Give u(-58).
1
Let x(q) = 172*q - 838. Give x(8).
538
Let z(r) = -6985*r - 49683. Calculate z(-7).
-788
Let s(g) = -g**3 - 11*g**2 + 2123*g - 30837. Give s(23).
6
Let k(g) = -g**2 + 356*g - 29336. Calculate k(223).
323
Let g(v) = 1258*v**2 - 20145*v - 33. Calculate g(16).
-305
Let k(s) = -35*s**3 - 342*s**2 - 502*s - 52. What is k(-8)?
-4
Let a(v) = -11463*v + 836814. Calculate a(73).
15
Let d(p) = -6*p**2 - 387*p + 3884. Give d(9).
-85
Let m(q) = -594*q - 40. What is m(-1)?
554
Let v(c) = -6473*c - 25895. Calculate v(-4).
-3
Let a(n) = -424021*n + 848048. What is a(2)?
6
Let c(p) = -22499*p + 48. Give c(0).
48
Let q(t) = -64353*t + 1801865. Determine q(28)